{"id":242,"date":"2026-04-15T09:49:12","date_gmt":"2026-04-15T09:49:12","guid":{"rendered":"https:\/\/welfarebridge.it\/?page_id=242"},"modified":"2026-04-15T09:50:05","modified_gmt":"2026-04-15T09:50:05","slug":"note-legali-termini-duso","status":"publish","type":"page","link":"https:\/\/www.welfarebridge.it\/?page_id=242","title":{"rendered":"Note Legali \/ Termini d&#8217;uso"},"content":{"rendered":"\n<h2 class=\"wp-block-heading\" style=\"font-size:clamp(14px, 0.875rem + ((1vw - 3.2px) * 0.612), 20px);\">Il presente sito web\u00a0<a href=\"https:\/\/welfarebridge.it\/\">https:\/\/welfarebridge.it<\/a>\u00a0(di seguito, il \u201cSito\u201d) \u00e8 di propriet\u00e0 di\u00a0<strong>Welfare Bridge<\/strong>, con sede in\u00a0<strong>C.so Traiano 116, Torino<\/strong>, P.IVA\u00a0<strong>13228470012<\/strong>.<\/h2>\n\n\n\n<ol class=\"wp-block-list\">\n<li><strong>Finalit\u00e0 del sito<\/strong><\/li>\n<\/ol>\n\n\n\n<p>Il Sito ha lo scopo di presentare i servizi di consulenza in ambito welfare aziendale e di permettere agli utenti di richiedere informazioni, chiarimenti o un contatto tramite form o recapiti indicati.<br>Le informazioni presenti sul Sito hanno carattere esclusivamente informativo e generale e non costituiscono in alcun modo consulenza fiscale, legale o professionale personalizzata. Eventuali decisioni prese sulla base di tali informazioni restano nella piena responsabilit\u00e0 dell\u2019utente.<\/p>\n\n\n\n<ol start=\"2\" class=\"wp-block-list\">\n<li><strong>Limitazione di responsabilit\u00e0<\/strong><\/li>\n<\/ol>\n\n\n\n<p>Pur ponendo la massima cura nella redazione e nell\u2019aggiornamento dei contenuti,\u00a0Welfare Bridge\u00a0non garantisce che le informazioni presenti sul Sito siano sempre complete, corrette o aggiornate.<\/p>\n\n\n\n<p>Il Titolare non potr\u00e0 essere ritenuto responsabile per danni diretti o indiretti di qualsiasi natura derivanti dall\u2019utilizzo del Sito, dall\u2019affidamento fatto sui contenuti o dall\u2019impossibilit\u00e0 temporanea di accedervi. Per valutazioni di natura fiscale, legale o gestionale \u00e8 opportuno rivolgersi a un professionista di fiducia.<\/p>\n\n\n\n<ol start=\"3\" class=\"wp-block-list\">\n<li><strong>Link a siti terzi<\/strong><\/li>\n<\/ol>\n\n\n\n<p>Il Sito pu\u00f2 contenere collegamenti (link) a siti web di terzi. Tali link sono forniti esclusivamente per facilitare la navigazione dell\u2019utente.\u00a0Welfare Bridge\u00a0non esercita alcun controllo su tali siti, n\u00e9 sui contenuti o sulle modalit\u00e0 di trattamento dei dati personali adottate dai relativi gestori, e non pu\u00f2 quindi essere ritenuto responsabile di quanto ivi presente.<\/p>\n\n\n\n<ol start=\"4\" class=\"wp-block-list\">\n<li><strong>Propriet\u00e0 intellettuale<\/strong><\/li>\n<\/ol>\n\n\n\n<p>Salvo ove diversamente indicato, tutti i contenuti presenti sul Sito (a titolo esemplificativo: testi, immagini, grafica, loghi, icone, layout, documenti scaricabili) sono di propriet\u00e0 di\u00a0Welfare Bridge\u00a0o utilizzati con autorizzazione dei legittimi titolari.<\/p>\n\n\n\n<p>\u00c8 vietata qualsiasi riproduzione, modifica, distribuzione, pubblicazione o riutilizzo dei contenuti del Sito senza il preventivo consenso scritto del Titolare, fatto salvo l\u2019uso strettamente personale e non commerciale.<\/p>\n\n\n\n<ol start=\"5\" class=\"wp-block-list\">\n<li><strong>Utilizzo del Sito<\/strong><\/li>\n<\/ol>\n\n\n\n<p>L\u2019utente si impegna a utilizzare il Sito nel rispetto della legge, della presente informativa e dei diritti di terzi, astenendosi da qualunque comportamento che possa danneggiare, compromettere o ostacolare il regolare funzionamento del Sito.<\/p>\n\n\n\n<p>\u00c8 vietato introdurre sul Sito contenuti illeciti, offensivi, diffamatori o che possano in qualunque modo ledere diritti altrui.<\/p>\n\n\n\n<ol start=\"6\" class=\"wp-block-list\">\n<li><strong>Protezione dei dati personali<\/strong><\/li>\n<\/ol>\n\n\n\n<p>Per le informazioni relative al trattamento dei dati personali effettuato tramite il Sito (ad es. tramite form di contatto) si rinvia alla\u00a0<strong>Privacy Policy<\/strong>\u00a0e alla\u00a0<strong>Cookie Policy<\/strong>\u00a0dedicate, consultabili tramite i link presenti nel footer del Sito.<\/p>\n\n\n\n<ol start=\"7\" class=\"wp-block-list\">\n<li><strong>Modifiche al Sito e ai Termini d\u2019uso<\/strong><\/li>\n<\/ol>\n\n\n\n<p>Il Titolare si riserva il diritto di modificare, aggiornare o integrare in qualsiasi momento i contenuti del Sito e i presenti Termini d\u2019uso, senza preavviso. Le modifiche avranno effetto dal momento della loro pubblicazione su questa pagina. Si invita pertanto l\u2019utente a consultare periodicamente questa sezione.<\/p>\n\n\n\n<p><\/p>\n\n\n\n<p><strong>Legge applicabile e foro competenteLegge applicabile e foro competente<\/strong><\/p>\n\n\n\n<p>L\u2019utilizzo del Sito \u00e8 disciplinato dalla legge italiana. Salvo quanto previsto dalle norme inderogabili a tutela del consumatore, per ogni controversia relativa all\u2019interpretazione o applicazione dei presenti Termini d\u2019uso sar\u00e0 competente in via esclusiva il Foro di\u00a0Torino.<\/p>\n\n\n\n<ol start=\"7\" class=\"wp-block-list\"><\/ol>\n\n\n\n<p><\/p>\n","protected":false},"excerpt":{"rendered":"<p>Il presente sito web\u00a0https:\/\/welfarebridge.it\u00a0(di seguito, il \u201cSito\u201d) \u00e8 di propriet\u00e0 di\u00a0Welfare Bridge, con sede in\u00a0C.so Traiano 116, Torino, P.IVA\u00a013228470012. Il Sito ha lo scopo di presentare i servizi di consulenza in ambito welfare aziendale e di permettere agli utenti di richiedere informazioni, chiarimenti o un contatto tramite form o recapiti indicati.Le informazioni presenti sul Sito [&hellip;]<\/p>\n","protected":false},"author":1,"featured_media":0,"parent":0,"menu_order":0,"comment_status":"closed","ping_status":"closed","template":"","meta":{"footnotes":""},"class_list":["post-242","page","type-page","status-publish","hentry"],"_links":{"self":[{"href":"https:\/\/www.welfarebridge.it\/index.php?rest_route=\/wp\/v2\/pages\/242","targetHints":{"allow":["GET"]}}],"collection":[{"href":"https:\/\/www.welfarebridge.it\/index.php?rest_route=\/wp\/v2\/pages"}],"about":[{"href":"https:\/\/www.welfarebridge.it\/index.php?rest_route=\/wp\/v2\/types\/page"}],"author":[{"embeddable":true,"href":"https:\/\/www.welfarebridge.it\/index.php?rest_route=\/wp\/v2\/users\/1"}],"replies":[{"embeddable":true,"href":"https:\/\/www.welfarebridge.it\/index.php?rest_route=%2Fwp%2Fv2%2Fcomments&post=242"}],"version-history":[{"count":2,"href":"https:\/\/www.welfarebridge.it\/index.php?rest_route=\/wp\/v2\/pages\/242\/revisions"}],"predecessor-version":[{"id":244,"href":"https:\/\/www.welfarebridge.it\/index.php?rest_route=\/wp\/v2\/pages\/242\/revisions\/244"}],"wp:attachment":[{"href":"https:\/\/www.welfarebridge.it\/index.php?rest_route=%2Fwp%2Fv2%2Fmedia&parent=242"}],"curies":[{"name":"wp","href":"https:\/\/api.w.org\/{rel}","templated":true}]}}